eatest common factor of 16 and 1512985408?
16
What is the highest common factor of 194366544 and 68256?
3792
What is the highest common divisor of 1776 and 175900812?
444
What is the greatest common divisor of 61056 and 1423368?
3816
Calculate the highest common divisor of 148022 and 5685876.
1526
What is the greatest common divisor of 411 and 425241561?
411
Calculate the highest common divisor of 957395 and 1971.
73
Calculate the greatest common factor of 59035235 and 1910.
955
Calculate the highest common divisor of 3570 and 5822439.
21
Calculate the highest common divisor of 552 and 1524486.
138
Calculate the greatest common factor of 148253 and 14.
7
Calculate the highest common divisor of 3102751 and 124313.
2537
Calculate the greatest common divisor of 1369 and 45646567.
1369
Calculate the highest common factor of 66997164 and 208.
52
Calculate the highest common factor of 85594455 and 14795.
1345
Calculate the greatest common factor of 296429 and 9401.
119
What is the highest common divisor of 5080310 and 50?
10
What is the highest common divisor of 186464 and 100?
4
What is the highest common divisor of 1064 and 28934264?
152
Calculate the greatest common factor of 5874 and 195978.
534
What is the greatest common divisor of 10335916 and 4?
4
What is the greatest common factor of 102 and 786390?
6
Calculate the highest common divisor of 59276693 and 1988.
497
What is the highest common factor of 15213444 and 3?
3
Calculate the highest common divisor of 85312182 and 1038.
1038
What is the greatest common factor of 161434 and 85330287?
6209
What is the greatest common factor of 693789997 and 1406?
703
Calculate the greatest common divisor of 26 and 58102928.
26
What is the highest common factor of 35105 and 6339725?
595
Calculate the greatest common divisor of 47075 and 14731785.
1345
Calculate the greatest common factor of 354 and 76305939.
177
Calculate the greatest common factor of 121401 and 8743.
7
Calculate the greatest common factor of 15274855 and 5.
5
Calculate the greatest common factor of 43 and 10984.
1
What is the greatest common factor of 11070 and 9868338?
54
What is the highest common factor of 80 and 1535488?
16
What is the greatest common factor of 24301545 and 15?
15
What is the greatest common factor of 1914776 and 26?
2
Calculate the highest common factor of 468680 and 7440.
40
Calculate the greatest common divisor of 95787 and 18.
9
Calculate the highest common divisor of 13373299 and 2661.
887
Calculate the highest common divisor of 14574138 and 24.
6
What is the greatest common divisor of 16387223 and 793?
61
What is the greatest common factor of 110 and 578446?
22
What is the greatest common factor of 7776 and 2084256?
288
Calculate the highest common factor of 105811792 and 16.
16
Calculate the greatest common divisor of 170 and 12612385.
85
Calculate the greatest common factor of 16 and 162280.
8
What is the highest common factor of 1155 and 10680780?
165
Calculate the highest common divisor of 334568 and 936.
104
Calculate the greatest common divisor of 952112 and 66248.
56
Calculate the highest common divisor of 469564 and 225549.
1319
What is the greatest common factor of 98757477 and 42?
21
Calculate the highest common factor of 17147520 and 458.
458
What is the greatest common factor of 7624 and 26703060?
3812
Calculate the greatest common factor of 14130 and 4449.
3
Calculate the highest common divisor of 13709266 and 1461750.
3898
What is the highest common divisor of 25018695 and 72?
9
What is the highest common divisor of 6282133 and 62843?
2167
What is the highest common factor of 1567519 and 26657?
437
Calculate the highest common divisor of 31422 and 167673029.
5237
Calculate the highest common factor of 312 and 9992814.
78
Calculate the highest common divisor of 14224500 and 23762.
218
What is the greatest common divisor of 1798100 and 800?
100
Calculate the highest common factor of 120 and 689903080.
40
Calculate the highest common divisor of 152869 and 937942.
2591
Calculate the highest common divisor of 265426 and 2170.
14
Calculate the highest common factor of 1222195 and 10.
5
What is the greatest common factor of 3832800 and 18600?
600
What is the highest common divisor of 55262 and 250?
2
What is the highest common divisor of 12 and 10590760?
4
What is the highest common factor of 21312 and 92390184?
2664
What is the highest common factor of 173608522 and 34?
34
Calculate the greatest common factor of 5991856 and 78.
26
Calculate the greatest common factor of 1110 and 823775844.
222
Calculate the highest common divisor of 6 and 238369452.
6
What is the highest common divisor of 1342 and 181916823?
671
What is the highest common divisor of 22 and 44923604?
22
What is the highest common factor of 1864761 and 14442?
249
What is the highest common divisor of 38 and 84310847?
19
Calculate the highest common factor of 1690 and 182585.
65
Calculate the highest common divisor of 4063906 and 22022.
1694
What is the highest common factor of 7220 and 22140?
20
Calculate the greatest common factor of 13218359 and 159.
53
Calculate the highest common divisor of 111 and 3685216539.
111
Calculate the highest common factor of 5102447 and 455.
7
What is the highest common divisor of 154031951 and 68?
17
What is the greatest common factor of 145539 and 18592725?
471
Calculate the highest common factor of 1035 and 21086170.
115
Calculate the greatest common divisor of 201431 and 3347347.
1283
What is the greatest common divisor of 67034 and 1276792?
242
What is the greatest common divisor of 4 and 1536282?
2
What is the greatest common divisor of 203 and 384878198?
29
Calculate the greatest common factor of 307764 and 15773652.
2988
Calculate the greatest common divisor of 740044455 and 2007.
669
Calculate the highest common divisor of 5540 and 4712324.
1108
What is the greatest common divisor of 286363098 and 18?
18
Calculate the greatest common divisor of 166103907 and 24.
3
What is the highest common factor of 111126 and 2238?
6
Calculate the greatest common factor of 190 and 7207688.
38
What is the highest common divisor of 220188 and 17700?
708
What is the highest common divisor of 40 and 8548270?
10
What is the highest common divisor of 7421 and 1228447?
181
Calculate the highest common divisor of 10311480 and 4440.
120
What is the greatest common factor of 2927664 and 7279?
251
Calculate the greatest common divisor of 14325 and 77295.
15
What is the highest common divisor of 6359 and 461?
1
What is the greatest common divisor of 631614 and 2?
2
What is the highest common factor of 330144 and 3832?
8
What is the greatest common divisor of 3325970 and 13960?
3490
What is the highest common factor of 302643 and 930699?
99
What is the greatest common divisor of 1273 and 170469976?
1273
Calculate the greatest common factor of 4459 and 73437.
91
What is the greatest common divisor of 46171699 and 287?
287
Calculate the greatest common factor of 18 and 1413954.
18
What is the highest common divisor of 28 and 413817292?
28
Calculate the greatest common divisor of 136337442 and 1116.
186
Calculate the greatest common divisor of 2065 and 4267529.
413
What is the highest common factor of 6 and 8764926?
6
Calculate the highest common factor of 56355 and 196755.
195
Calculate the highest common factor of 28473157 and 7246.
3623
What is the greatest common factor of 503586 and 122988?
1662
What is the highest common factor of 63589043 and 1127?
161
Calculate the highest common divisor of 4923 and 786060.
9
Calculate the greatest common divisor of 2197818 and 78.
6
What is the highest common factor of 37220 and 179229188?
7444
What is the highest common factor of 1063499 and 8774?
41
What is the highest common divisor of 6852426 and 24099?
831
What is the highest common factor of 36424 and 37052?
628
What is the highest common divisor of 498 and 273216?
6
Calculate the highest common divisor of 332 and 983715834.
166
What is the highest common divisor of 2361513 and 30261?
231
What is the greatest common divisor of 108 and 54692766?
54
Calculate the highest common factor of 750 and 1296125.
125
What is the greatest common factor of 601251 and 861?
21
Calculate the highest common factor of 14053230 and 15525.
3105
